vative of m**5/20 + m**4/12 - m**3/6 + 436*m. Determine t(n).
1
Let n(g) = g**2 + 82*g + 309. Let i be n(-4). Let r(y) = -y**3 - 2*y**2 + 5*y - 3. What is r(i)?
-9
Suppose 4*z = 10*z - 48. Let x(g) be the third derivative of g**6/120 - 3*g**5/20 + 5*g**4/12 - 7*g**3/6 - 46*g**2 - 3*g. Determine x(z).
9
Let q(z) be the third derivative of -z**5/60 + z**4/6 + 5*z**3/6 - 1162*z**2. Suppose 2*o - 3 = 7. What is q(o)?
0
Let s(w) = 4*w**2 - 11*w + 8. Let v(f) = -2*f**2 + 6*f - 4. Let j(u) = -2*s(u) - 5*v(u). Suppose 4*i + 20 = -0*i. Let z be (i/10)/((-1)/10). Give j(z).
14
Let y(n) = -n**3 + 7*n**2 - 8*n - 3. Suppose 4*s + 39*c - 41*c - 32 = 0, -4*s = 2*c - 16. Give y(s).
-15
Let b(q) = 3*q - 6. Let i(u) = u + 1. Suppose 9 = -6*x + 3. Let a(j) = x*b(j) - 3*i(j). Give a(2).
-9
Let z(i) be the first derivative of i**2/2 - 2*i + 912. Suppose -q + 3*q - 15 = 3*m, 3*m + 3*q = 0. Calculate z(m).
-5
Let p(y) be the first derivative of -y**6/120 - y**5/6 - y**4/3 + 2*y**3 + 15*y**2 + 54. Let c(l) be the second derivative of p(l). Give c(-9).
3
Let f(d) = d**2 - 1. Let s be (0 - -3) + 0*(-8)/(-88). What is f(s)?
8
Let p(d) = -3*d + 3. Let m = -13 + 16. Suppose 2 = -q - m. Let k = q + 9. Determine p(k).
-9
Let r(o) = -9*o + 6*o - 2*o - 3*o - o - 1. Give r(-1).
8
Let b = 1132 - 1132. Let p(s) be the second derivative of 4*s + 1/2*s**2 + 1/6*s**4 + b + 1/3*s**3. Calculate p(2).
13
Let x(o) = -o**3 + 6*o**2 - o + 8. Let r(f) = -2*f + 2 - f - 10 + 2. Let p be r(-4). Determine x(p).
2
Let d be 30/(-7) - (-8)/28. Let y(w) = 209*w + 204*w - 14 + 5 - 414*w. What is y(d)?
-5
Let a(b) = 5*b**2 + 44*b - 10. Let l be a(-9). Let u(w) = -w**3 - w - 1. Give u(l).
1
Let j(a) = -2*a + 7. Suppose 0 = -64*l + 63*l + 5. What is j(l)?
-3
Let i(h) be the third derivative of h**5/60 - h**4/12 - h**3/6 - h**2. Suppose -7*n + 3 + 11 = 0. Give i(n).
-1
Let w(c) = c - 2. Let t = 168 + -183. Determine w(t).
-17
Let u = -1490 + 1486. Let o(l) = -l**2 + 3*l + 10. Determine o(u).
-18
Let m(f) be the first derivative of f**6/360 - f**5/15 + f**4/12 + 10*f**3/3 - 2. Let v(i) be the third derivative of m(i). Give v(6).
-10
Let d(g) = 3*g - 1. Let t(l) = -l + 15. Let b be t(18). Determine d(b).
-10
Let l(q) = q**2 + 1. Suppose 15 = -11*j - 18. Let y(r) = -r**3 + 10*r**2 - 4*r. Let k(d) = j*l(d) + y(d). Give k(6).
9
Let i(u) = -9*u + 2. Suppose -7*q - 70 + 77 = 0. Give i(q).
-7
Let i(a) = 5 - 4 + 4*a + 0 + 5*a**2. Calculate i(-1).
2
Suppose -4 = -2*q + 6. Let r(i) = -10 + q*i + 15 - 6*i. Let f(w) = w + 8. Let a be f(-4). Determine r(a).
1
Suppose 3*x - 147 = 297. Let l(a) = -x - 2*a + 148. What is l(2)?
-4
Let i(q) = -85*q + 1 + 84*q - 10 - 2. Calculate i(-13).
2
Let t(i) = i - 2 + 9 - 2 - 2*i. Calculate t(8).
-3
Suppose -16*p - 53 = -181. Let l(c) = -c**3 + 7*c**2 + 11*c - 27. Determine l(p).
-3
Suppose 3*n = 2*n + 6. Let m be ((-2)/(-5))/(12/60). Let l(o) = m*o + 0*o - 6*o - 8 + o**2 - o. What is l(n)?
-2
Let i(c) = 7*c + 2 - 26*c + 12*c - 8 + 6*c. Determine i(-3).
-3
Let w(d) be the first derivative of -3 + 2*d - 5/3*d**3 + 7/2*d**2 - 1/4*d**4. Calculate w(-6).
-4
Suppose -6*o + o - 18 = j, 5*j = -2*o - 21. Let k(z) = 2*z + 1. Let u(t) = -5*t - 2. Let n(c) = j*u(c) - 8*k(c). Determine n(-5).
3
Let w(a) = -a**3 - 5*a**2 - 5*a - 2. Let q(b) = b**3 + b - 3. Let g = 35 - 35. Let k be q(g). Calculate w(k).
-5
Let c(m) = 40 - 91 + 19 + 6*m + 27. Give c(3).
13
Let q = 28 + -45. Let x(d) = -20*d**2 - 24*d + 5. Let h(c) = 7*c**2 + 8*c - 2. Let v = 0 - 6. Let s(o) = q*h(o) + v*x(o). Calculate s(-6).
-8
Let j(l) = -l**3 - 11*l**2 - 10*l - 5. Suppose -4*z - 19 = 4*u + 25, 0 = -5*z - 5. Give j(u).
-5
Let h(n) = -n**2 + 6*n + 22. Let b be h(7). Suppose -47*z + b = -42*z. Let l(u) = u**3 - 4*u**2 + u - 3. Calculate l(z).
-9
Let n(k) = -6*k + 1 + 13*k - 3*k - 2*k - 3. What is n(1)?
0
Suppose -4*u - 15 = h, -4*h + 2*u = -2*h - 10. Let m(y) = 32*y**2 + 1. Calculate m(h).
33
Let j(v) = 9*v + 2*v**2 + v**2 - 7*v**2 + v. Let i(g) = 3*g**2 - 9*g + 1. Let z(o) = -3*i(o) - 2*j(o). What is z(7)?
-3
Let h(v) = -v**2 - 6*v - 7. Let l be 1/(6/30*-1). Determine h(l).
-2
Let o(p) = 2*p + 3 - 12 + p. Let r = -33 - -26. Let u = r + 13. Give o(u).
9
Let w(q) = -3*q**3 + 8*q**2 - 30*q + 63. Let j(t) = -2*t**3 + 6*t**2 - 20*t + 42. Let i(n) = 8*j(n) - 5*w(n). Determine i(7).
0
Let i(t) be the second derivative of t**8/6720 + t**7/630 - t**5/40 - t**4/6 - 4*t**3 - t - 13. Let y(u) be the third derivative of i(u). Give y(-3).
6
Suppose -7*u + 441 - 483 = 0. Let t(k) be the third derivative of k**6/120 + k**5/12 - 7*k**4/24 - 4*k**3/3 - k**2. Determine t(u).
-2
Let c(k) be the second derivative of k**5/20 - k**3/2 - 5*k**2/2 - 5*k + 71. Calculate c(-2).
-7
Let p(s) = 11*s - 18. Let k(l) = 32*l - 50. Let x(w) = 6*k(w) - 17*p(w). Give x(-4).
-14
Let r(x) = -x**3 + 5*x**2 + 6*x + 7. Suppose 3*y = 4*y - z - 8, 2*z = 3*y - 19. Suppose 3 = -p + y*a - 0, -5*p - 5*a + 45 = 0. Give r(p).
7
Suppose 0 = -4*a + 5 + 11. Let p(x) be the third derivative of -x**5/60 + 7*x**4/24 + 5*x**3/6 + 20*x**2. Calculate p(a).
17
Let t(d) = -22 - 4*d**2 + 15 + 12 - d**3 - 5*d**2. Calculate t(-9).
5
Suppose 26*p = 1 - 157. Let w(r) = -r + 2. Calculate w(p).
8
Let y(a) = -4*a - 2. Let i(f) = 3*f + 2. Let v = 4 - -1. Suppose 2*j - j = -v. Let s(b) = j*i(b) - 4*y(b). Determine s(5).
3
Let m = -179 - -168. Let k(w) = w**3 + 10*w**2 - 10*w + 4. Determine k(m).
-7
Let b(q) = -6*q + 5. Let s = 901 - 904. Calculate b(s).
23
Suppose o - 8 = z, -4*o + 7*z - 2*z = -33. Let b = -1 + o. Let d(f) be the third derivative of f**4/24 - 5*f**3/6 - 2151*f**2. Calculate d(b).
1
Let a(m) = -5*m**2 - 6*m - 2. Let g(q) = -15*q - 303. Let b be g(-20). Determine a(b).
-29
Let v(g) = g - 9. Suppose 18 = -5*a - 47. Let r(o) = -o + 4. Let j(l) = a*r(l) - 6*v(l). Give j(-3).
-19
Let s(c) = -6*c - 18. Let p be s(-8). Let h = 28 - 61. Let d = h + p. Let v(w) = 2*w**3 + 5*w**2 + 2*w + 1. Give v(d).
-14
Suppose j + 0 = 4. Suppose 4 = j*g - 2*g. Let t(i) = 1 + i**g - 3 + 2*i - 2*i**2. Calculate t(2).
-2
Let q(o) = 3 - o - 4*o + o**3 - 3*o**2 - o. Let r = 5998 - 5994. What is q(r)?
-5
Let g(n) be the first derivative of n**4/4 + 2*n**3 - 4*n**2 - 2*n - 5. Let j(p) = -p**2 + p - 7. Let b be j(0). Give g(b).
5
Let f(b) = -b**2 - 4*b - 3. Let d = -45 - -65. Suppose 0 = -4*v - 0 - d. Determine f(v).
-8
Let f(u) be the third derivative of -u**4/8 - 19*u**3/3 - 8*u**2 - 2*u. Give f(-14).
4
Let a be 0 + 4 + -2 - -2. Suppose 0 = -l - a*l. Let s(j) = -7*j + 18. Let o(g) = g - 3. Let i(w) = 6*o(w) + s(w). Give i(l).
0
Let a(d) be the first derivative of 1 + 1/3*d**3 - 4*d + 3/2*d**2. Let r be ((-1)/(-2))/(2/(-16)). What is a(r)?
0
Let z = 38 + -32. Let w(p) = -6 + 7 + p + z + 0. Calculate w(-7).
0
Let h(p) = -3*p - 11. Let s be -13*9/9 + 5 + -1. What is h(s)?
16
Let y(r) = -2 + 117*r + r**2 - 17 - 111*r - 8. What is y(-8)?
-11
Let g(z) = -24 - z**2 + 9 + 3*z + 13. Give g(4).
-6
Let p(c) = -5*c**3 + c + 2. Let m(x) = 9*x**3 - 2*x - 3. Let k(a) = -4*m(a) - 7*p(a). What is k(-2)?
4
Let v(l) = l**3 - 6*l**2 - l + 6. Let f be v(6). Let o(m) = -m + 349 - 340 + 2*m. Let a(s) = s + 8. Let w(x) = 3*a(x) - 4*o(x). Calculate w(f).
-12
Let c(p) = -11471 - p - 3*p + 11465. What is c(5)?
-26
Let y(t) = -4 - 2*t**3 + t + 9*t**2 - 9*t**2 + t + 8*t**2. What is y(4)?
4
Let o(n) = -n + 6. Let a be o(7). Let l(x) = 5*x**3 - 2*x**2 - 2*x - 3. Let k(p) = -4*p**3 + p**2 + p + 2. Let j(g) = -4*k(g) - 3*l(g). Give j(a).
0
Let j(x) be the first derivative of x**2/2 + 38*x - 558. Give j(0).
38
Let g be -1 + 12 - (-6 - (1 - 6)). Let h(i) = i**2 - 13*i + 18. Calculate h(g).
6
Let k(f) = -3*f**3 - 6*f**2 - 7*f + 9. Let j(a) = -7*a**3 - 13*a**2 - 15*a + 19. Let b(z) = -4*j(z) + 9*k(z). Give b(2).
-1
Let r(u) = -2*u**2 - 39*u - 4. Let p(w) = w**2 + 19*w + 2. Let l(o) = -13*p(o) - 6*r(o). Give l(-12).
10
Let d(u) = 3*u**3 + 7*u**2 - u + 1. Let o(h) = h**3 + h**2. Let f(n) = d(n) - 4*o(n). What is f(3)?
-2
Let m(i) = -i**3 - 5*i**2 + 3*i + 2. Suppose -2*h + 52 = 2*k, 2*k + 0*k = 4*h + 52. Let f = k + -31. What is m(f)?
-13
Let v(x) = x - 7. Suppose -k - 3*t = -t - 50, -t + 4 = 0. Suppose -5*w + k = -3. Determine v(w).
2
Suppose 0 = -w - w. Let i(v) be the first derivative of v**4/4 + v**2/2 - v + 300. Give i(w).
-1
Let c(f) be t